hat is the highest common factor of 27900 and 2015?
155
Calculate the greatest common factor of 5319 and 95545.
197
Calculate the greatest common factor of 25629 and 6.
3
Calculate the greatest common factor of 116 and 1463166.
58
What is the greatest common divisor of 1035 and 43815?
345
What is the highest common divisor of 3865 and 147643?
773
Calculate the highest common divisor of 216 and 5814.
18
What is the highest common divisor of 11748 and 99?
33
What is the highest common factor of 377 and 79054?
29
Calculate the highest common factor of 29237 and 1859.
169
What is the greatest common divisor of 433 and 466774?
433
What is the greatest common divisor of 7567 and 28?
7
What is the highest common factor of 8377 and 3?
1
Calculate the highest common divisor of 20080 and 2880.
80
What is the greatest common divisor of 1880 and 123704?
376
Calculate the highest common factor of 3264 and 4800.
192
What is the highest common factor of 1197 and 157833?
171
What is the greatest common factor of 1368 and 774?
18
What is the highest common divisor of 156621 and 249?
249
Calculate the highest common factor of 15 and 99660.
15
Calculate the highest common factor of 6582 and 72.
6
Calculate the greatest common divisor of 5423206 and 886.
886
What is the highest common factor of 132172 and 1384?
692
What is the highest common divisor of 155 and 204755?
155
What is the greatest common factor of 1786 and 51512?
94
Calculate the greatest common factor of 427280 and 109.
109
What is the greatest common factor of 2938 and 1808?
226
What is the greatest common factor of 1526 and 119?
7
What is the highest common divisor of 20562 and 40528?
298
Calculate the greatest common factor of 400 and 46850.
50
What is the highest common divisor of 2280849 and 43?
43
Calculate the highest common divisor of 141 and 84459.
141
Calculate the highest common factor of 1164 and 642.
6
Calculate the highest common divisor of 1760 and 1870.
110
Calculate the greatest common divisor of 57351 and 203.
7
Calculate the highest common divisor of 216762 and 16107.
273
Calculate the highest common factor of 4140 and 18540.
180
What is the greatest common factor of 9118 and 26578?
194
Calculate the greatest common divisor of 374075 and 26.
13
What is the highest common divisor of 323442 and 302?
302
What is the greatest common divisor of 2790 and 161262?
558
What is the greatest common factor of 84295 and 460?
115
Calculate the greatest common factor of 76 and 3886412.
76
What is the highest common factor of 525 and 51375?
75
Calculate the highest common divisor of 36489 and 9.
3
Calculate the greatest common divisor of 22202 and 15019.
653
What is the highest common factor of 178046 and 22?
22
Calculate the highest common divisor of 30222 and 11096.
146
Calculate the greatest common factor of 3750 and 240.
30
What is the highest common divisor of 27 and 1313874?
27
What is the highest common divisor of 5070714 and 66?
66
What is the greatest common factor of 211342 and 4016?
502
What is the greatest common factor of 120 and 48648?
24
Calculate the highest common divisor of 89870 and 76.
38
Calculate the highest common factor of 48554 and 22.
22
Calculate the greatest common divisor of 984 and 23808.
24
Calculate the highest common divisor of 117 and 36322.
13
Calculate the highest common divisor of 169 and 988.
13
What is the highest common divisor of 26 and 15626?
26
What is the highest common factor of 3033 and 609970?
337
What is the highest common divisor of 660 and 2671020?
660
What is the greatest common divisor of 748 and 3916?
44
What is the highest common factor of 348 and 2440176?
348
What is the greatest common divisor of 1749 and 1419?
33
What is the highest common divisor of 1320 and 116490?
330
Calculate the greatest common divisor of 231 and 2667.
21
What is the greatest common factor of 1611 and 21?
3
What is the greatest common divisor of 5166084 and 462?
462
Calculate the greatest common divisor of 3 and 284181.
3
What is the greatest common factor of 467815 and 5?
5
What is the highest common factor of 289 and 434367?
289
Calculate the greatest common factor of 66588 and 30.
6
Calculate the highest common factor of 142 and 15478.
142
Calculate the highest common divisor of 320 and 489088.
64
What is the greatest common factor of 64922 and 4862?
286
What is the highest common factor of 1568 and 714616?
392
What is the highest common divisor of 20 and 1183570?
10
Calculate the greatest common factor of 13034 and 25382.
686
Calculate the highest common factor of 148 and 357716.
148
Calculate the greatest common divisor of 13082 and 217.
31
What is the highest common factor of 22 and 105314?
22
Calculate the greatest common factor of 676 and 122525.
169
Calculate the greatest common divisor of 635365 and 83.
83
What is the greatest common divisor of 9217332 and 612?
612
What is the highest common divisor of 4634 and 14?
14
What is the greatest common factor of 38493 and 189?
63
What is the highest common divisor of 33843 and 87?
87
Calculate the highest common divisor of 308 and 15092.
308
What is the highest common divisor of 64 and 3154720?
32
What is the greatest common factor of 95 and 600?
5
What is the greatest common divisor of 434 and 448?
14
Calculate the greatest common divisor of 18 and 30744.
18
What is the greatest common divisor of 63 and 121380?
21
Calculate the highest common factor of 47 and 181044.
47
Calculate the highest common factor of 11880 and 513.
27
Calculate the greatest common factor of 1116 and 97588.
124
Calculate the greatest common divisor of 54 and 387963.
27
Calculate the highest common divisor of 1084 and 32791.
271
What is the greatest common divisor of 13632 and 923?
71
Calculate the greatest common divisor of 34352 and 565.
113
Calculate the greatest common divisor of 965250 and 330.
330
What is the greatest common divisor of 170332 and 388?
388
What is the highest common factor of 24483 and 21?
3
Calculate the highest common factor of 7 and 229747.
7
Calculate the greatest common divisor of 159080 and 2050.
410
What is the greatest common factor of 3784594 and 44?
22
Calculate the highest common divisor of 61576 and 559.
43
Calculate the highest common divisor of 704 and 1251536.
176
What is the greatest common factor of 507 and 47?
1
What is the greatest common divisor of 57 and 3126773?
19
What is the highest common factor of 11285 and 114145?
185
What is the greatest common factor of 900 and 5200?
100
What is the highest common factor of 667 and 5423?
29
What is the greatest common divisor of 10804310 and 110?
110
What is the greatest common divisor of 864 and 31038?
6
Calculate the greatest common factor of 111445 and 2945.
155
What is the greatest common factor of 9360 and 3042?
234
What is the greatest common factor of 2000 and 6050?
50
Calculate the greatest common divisor of 24637 and 71.
71
Calculate the greatest common factor of 354274 and 988.
38
Calculate the highest common divisor of 270 and 2375622.
54
Calculate the highest common factor of 52260 and 31980.
780
What is the greatest common factor of 28580 and 80?
20
Calculate the highest common factor of 312 and 231309.
39
What is the greatest common factor of 3808 and 644?
28
Calculate the greatest common divisor of 484935 and 330.
165
Calculate the highest common factor of 160 and 1372.
4
What is the greatest common divisor of 12 and 30678?
6
What is the highest common divisor of 660 and 117340?
20
Calculate the greatest common factor of 170 and 1761620.
10
Calculate the highest common factor of 1421 and 5292.
49
What is the highest common factor of 930 and 2325?
465
What is the greatest common factor of 1539 and 5184?
81
Calculate the greatest common factor of 482060 and 180.
20
Calculate the greatest common divisor of 1392 and 8903.
29
Calculate the greatest common factor of 931 and 91.
7
Calculate the highest common divisor of 45305 and 4199.
221
Calculate the highest common factor of 83 and 848509.
83
Calculate the highest common divisor of 20 and 2325610.
10
What is the highest common factor of 935 and 2771?
17
What is the highest common divisor of 19015 and 25?
5
What is the highest common factor of 52 and 732238?
26
Calculate the highest common fact